 -223. Calculate the greatest common divisor of n and 207.
9
Let n = 1221 + -1192. Calculate the highest common divisor of n and 3161.
29
Let y = -794 + 803. What is the greatest common factor of y and 32?
1
Suppose -5*g + 55 = -0. Suppose 6*m + z = 3*m + 264, -4*z = -2*m + 176. What is the greatest common factor of g and m?
11
Suppose 4*f = 12*v - 7*v + 162, -3*f + 5*v = -124. What is the highest common factor of f and 8?
2
Suppose -9*f = -7*f - 34. Let a = 10 + 0. Let i = a + 177. What is the greatest common divisor of i and f?
17
Let u be 3/(-2) - (-45)/6. Suppose u*d = 2*d. Suppose -i - i + 8 = d. What is the highest common divisor of 44 and i?
4
Let q(u) be the second derivative of 7*u**3/3 - 7*u**2/2 + 41*u. Let x be q(1). What is the greatest common factor of x and 28?
7
Suppose 6*q - 20 + 2 = 0. Suppose -36 = -4*u + q*m + 7, 5*u = -4*m + 46. Calculate the highest common divisor of 10 and u.
10
Let n be -1 - -1 - (-4 - 0). Let i = 2 - n. Let v be 2 - (-48 - (i + 0)). What is the highest common divisor of v and 12?
12
Suppose -5*w = -9 - 1, 5*w = r - 132. Let h = -37 + r. What is the highest common factor of h and 42?
21
Let q be (-2*(-9)/54)/((-2)/(-18)). Let m be -3*q/(-9) - -3. What is the greatest common factor of 16 and m?
4
Let x = 14 + -20. Let v(i) = 4*i**2 + 4*i - 8. Let s be v(x). What is the greatest common factor of 14 and s?
14
Let l = 9 - 3. Let j = -6 + l. Suppose 4*x = -0*x + 2*h + 104, 3*x - 4*h - 88 = j. Calculate the greatest common factor of 3 and x.
3
Suppose -7*i + 55 = -22. Let b = -80 - -215. Let a be (-1)/(2 - b/66). What is the highest common factor of i and a?
11
Suppose 0 = -i + g + 27, -3*g + 15 = i - g. Suppose 0 = -4*r + 2*c + i + 27, -r = c - 20. Calculate the greatest common factor of 105 and r.
15
Suppose 3*d - 240 = -3*x, 0 = -0*x - 5*x + 2*d + 421. Calculate the greatest common factor of 83 and x.
83
Let b be (-5 + (-119)/(-14))*120/14. Calculate the highest common factor of 54 and b.
6
Suppose -4*z + 16 = -4, -2*z = 3*g + 2969. Let q be (-1)/(-4) + g/(-12). Suppose -5*x + 317 = -q. What is the greatest common factor of 10 and x?
10
Let w = 202 - 193. What is the greatest common factor of 45 and w?
9
Let v be -175*(14/(-147) + 44/(-33)). Let x be (99 + 1)*(1 - 0). What is the greatest common divisor of v and x?
50
Let t be (-21)/14*2/(-1). Suppose -5*v + 2*g - 128 = 0, -2*v + 6*v = t*g - 101. Let c = 43 + v. What is the greatest common divisor of c and 170?
17
Let g = 1519 - 1055. Calculate the greatest common factor of g and 145.
29
Suppose 0 = -2*o + 6*o - p - 32, 4*o + 4*p = 12. What is the greatest common divisor of o and 14?
7
Let w be ((-27)/(-2))/((-15)/(-140)). Let k(b) = -19*b - 5. Suppose 2*t + 10 = 8. Let z be k(t). Calculate the greatest common factor of z and w.
14
Suppose -15 - 129 = -4*z. Let s = -7 + z. Calculate the highest common divisor of 145 and s.
29
Let g be ((-24)/(-36))/(2/(-3)). Let s be (-336)/(-1) - (-1 - g). Suppose -112 = 4*c - s. Calculate the greatest common divisor of c and 8.
8
Let v be (-28154)/(-56) + (-10)/(-8). Calculate the highest common factor of 18 and v.
18
Suppose 6*z = 70 + 542. What is the highest common divisor of 1938 and z?
102
Let i = -1061 - -1082. Calculate the highest common factor of 84 and i.
21
Let b = 95 + -56. Let q be 2/(-13) - (-6)/b. Suppose 4*u - 4*m - 4 = q, -2*m + 11 = u + 1. What is the highest common divisor of u and 8?
4
Let q be (-6)/10 - (-263)/5. Let a = q - 32. Calculate the greatest common divisor of 10 and a.
10
Suppose 16 = 3*q - 14. Suppose -3*t + 25 = 4*g - 0*t, -3*g + 20 = 2*t. Suppose -g = r - 3*r. Calculate the greatest common factor of q and r.
5
Let u = -29 + 38. Let i = -5 - -6. Let o be (9 + i)*9/2. Calculate the greatest common factor of u and o.
9
Let x = 916 + -846. Suppose 71 - 15 = 4*h. Calculate the greatest common factor of x and h.
14
Let j(q) = -10*q - q**3 - 3*q**2 + 0*q**3 - 21 + 21. Let b be j(-4). What is the greatest common divisor of 14 and b?
14
Let d(a) = -a**2 - 36*a + 29. Let n be d(-36). Let f be 2/(-6) + 1220/6. Calculate the greatest common divisor of n and f.
29
Suppose -58 = -d - 2*h, -d - h = 2*h - 63. Calculate the greatest common factor of 36 and d.
12
Suppose -1677 = -5*g + 4*g + 5*o, -o + 5 = 0. What is the highest common divisor of 46 and g?
46
Let z(q) = 26 + 6 + 5*q**2 - q**3 - 18*q**2 + 12*q. Let b be z(-14). Calculate the greatest common divisor of 30 and b.
30
Suppose 7 = t + 5. Let i be ((-54)/15)/(t/5). Let n be (56/(-3) - -4)*i. Calculate the highest common factor of n and 12.
12
Suppose -5*o + 51 - 21 = 0. Let x = 26 - o. Suppose 0 = -2*s - 13 + 73. Calculate the greatest common factor of s and x.
10
Suppose -2*r - 3*w = -60, 2*r - 5*w = 41 + 19. Calculate the highest common factor of 570 and r.
30
Suppose 3380*i + 1728 = 3382*i. What is the greatest common factor of i and 27?
27
Let m = -17 - -52. Let f = -176 + 180. Suppose f*n = -3*x + m, 4*x - 4*n = x - 5. What is the greatest common divisor of x and 10?
5
Let u(i) = -i + 7. Let m be u(-11). Let r = m - 10. What is the greatest common divisor of r and 4?
4
Let k(a) = -a + 11. Let v be k(9). Suppose 3 = -3*z, 4*z = -v*i - z + 19. Calculate the highest common divisor of 8 and i.
4
Suppose 0 = -12*z + 9*z. Let k be 36 + z/((-9)/3). Calculate the greatest common factor of 90 and k.
18
Suppose 0 = 2*r + 5*i - 0*i - 23, 5*r - 69 = -i. What is the greatest common divisor of 238 and r?
14
Suppose l = -2*q + 30, -2*q + 58 = -4*l + 148. Calculate the highest common factor of 108 and l.
12
Suppose -2*m + 5*d = 5 + 5, m = 4*d - 8. Suppose m*y - 9 = -y. What is the greatest common factor of y and 18?
9
Let x(b) = -5*b + 107. Let y be x(10). What is the greatest common divisor of y and 779?
19
Let d = -10 + 19. Let k = 1515 - 1514. What is the highest common factor of k and d?
1
Suppose -2*o = -7 - 1. Suppose 9*i = o*i - 750. Let m be ((-16)/(-10))/((-5)/i). What is the greatest common divisor of m and 32?
16
Let f = -8 + 12. Suppose -3 = f*r - 11. Suppose -r*l + 4*p = -58, -l + 2 = -p - 30. Calculate the highest common factor of l and 5.
5
Suppose 27 = 14*s - 43. Suppose 4*c - 425 = c - z, 2*c + s*z = 292. What is the highest common factor of c and 47?
47
Suppose -z - 4 = 128. Let f be (z/(-36))/((-1)/(-69)). Let k = -39 - -62. Calculate the greatest common divisor of f and k.
23
Let h = -174 + 264. Calculate the greatest common factor of 126 and h.
18
Suppose 2*d + 3*l - 2 - 7 = 0, 3*l + 63 = 4*d. Calculate the highest common divisor of d and 33.
3
Suppose 67 = 6*d - 149. Let o(t) = t**3 + 6*t**2 + 4*t - 4. Let q be o(-4). Let j be 4/q - 52/(-6). What is the greatest common factor of j and d?
9
Let b be (-1 - -3) + (1 - 0). Let p be -1*b/((-9)/21). Suppose -p*o + 10*o - 360 = 0. What is the greatest common divisor of 30 and o?
30
Let w be (-110)/2*(-48)/40. Suppose -k + u + 52 = 10, 4*u = 8. What is the highest common factor of k and w?
22
Suppose 66 - 59 = i. Calculate the highest common factor of i and 16.
1
Suppose 0 = -4*q + 5*u + 2976 + 436, 0 = -2*q + u + 1700. What is the highest common factor of 32 and q?
16
Suppose 0 = 5*x - 2*c + 5*c - 54, -3*c = 3*x - 36. Let n(f) = 8*f - 5 + x + 10. Let j be n(14). What is the greatest common factor of 18 and j?
18
Suppose 8*q - 6*q = 54. Let c be 33/9 + 9/q. Suppose -4*v + 21 = -v + 3*m, 2*v + 3*m = 17. What is the greatest common factor of c and v?
4
Let n be ((183/6)/(2/4))/1. What is the highest common divisor of n and 427?
61
Let g(t) be the first derivative of 1/4*t**4 + 5*t + 2 - 4/3*t**3 - 4*t**2. Let j be g(7). What is the greatest common factor of 12 and j?
12
Suppose -o + 7 = -2*m, 5*o = 7*o - 3*m - 19. Let h = 24 - o. Let s be -1 + (2/(-2) - -51). What is the highest common factor of h and s?
7
Let l(g) = 7*g**2 - 9*g - 24. Let p(c) = 3*c**2 - 4*c - 12. Let m(s) = 2*l(s) - 5*p(s). Let i be m(0). What is the highest common factor of 108 and i?
12
Suppose -3 = 2*f - 7. Suppose -a + f = -3. Calculate the highest common divisor of a and 10.
5
Let q(c) be the third derivative of -c**4/3 - c**3/6 + 5*c**2. Let m be q(-8). Suppose -5*r = -m - 27. Calculate the highest common factor of 9 and r.
9
Suppose 10*l - 2380 = 3*l. Suppose 16 = -4*g, -4*j - 10 = 2*g - 82. What is the highest com